, 4*s = 5*f + 84 + 675. Let x = f - -236. Is x a prime number?
False
Suppose 0 = 3*b - 9, g + 3*b = 4*g - 3630. Is g composite?
False
Let m = 9563 + -1057. Is m prime?
False
Let t(v) = -2*v**3 - v - 2. Let n be t(2). Let k = n + 18. Is 260 - (-1 + (k - 0)) composite?
False
Let c(o) = 2*o**2 + o. Let g be c(1). Suppose 0*f = g*q + 4*f + 13, 17 = q - 4*f. Is 1/(24/(-28) + q) a composite number?
False
Suppose -3*r - 4*u = -26553, 0*u = -r + 5*u + 8851. Is r a composite number?
True
Let q(f) = 21*f**3 + 2*f**2 + 4*f + 5. Let k be q(3). Let j be 13/4 + 2/(-8). Suppose b - k = -4*i + 2*i, 2*i - 602 = -j*b. Is i a composite number?
True
Suppose -2*z = 4*w - 30702, 4*z - 12*w - 61414 = -10*w. Is z composite?
True
Let o be 3/(84/31745) + (-2)/(-8). Suppose 5*x + 0*n + 4*n - 5638 = 0, -x = 4*n - o. Is x composite?
True
Suppose 3*a - 26 = z + 40, 3*a = 5*z + 354. Let k = 151 + z. Is k composite?
False
Let j be 2 - 5/(10/6). Let b(v) = 51*v - 51*v - 1 + 20*v**2. Is b(j) a prime number?
True
Suppose -16 - 8 = -4*h. Let g be 5*3*14/h. Suppose -4*a - 3*t + 37 = 0, -3*a + g = a + 5*t. Is a a prime number?
False
Let a(g) = 5*g**2 - 11*g + 1. Let x = 4 - 25. Is a(x) prime?
True
Let v(p) be the first derivative of -p**4/4 - 10*p**3/3 + 7*p**2/2 - 7*p + 17. Let l(c) = -c**3 - 3*c**2 + 5*c + 4. Let r be l(-3). Is v(r) composite?
False
Suppose -535 = -2*p - 4*g + 1469, -p + 4*g + 1008 = 0. Suppose 4*c = -2*z + 6*z - p, 0 = z - 5*c - 271. Suppose 0 = -j + 4*j - z. Is j a composite number?
True
Let r be (-148869)/35 - (-2)/5. Let o = r + 11400. Is o a prime number?
False
Let f = -556 - -1132. Suppose 0 = 7*j + 121 - f. Is j prime?
False
Let k(y) = -y**3 - y**2 - 5*y - 1. Suppose 3*n + 2*n = -5, -3*z = 2*n + 14. Is k(z) a composite number?
False
Suppose -4*v + 28 = 2*c, 4*c - 5*v - 1 = 29. Is (1 - -2) + (c - 2) composite?
False
Let a(w) = 4*w + 22. Let m be a(5). Suppose -m - 11 = -t. Is t prime?
True
Suppose -2*y + 0 + 6 = 0, -5*h - 4*y + 35897 = 0. Is h composite?
False
Suppose 0 = 2*d + d - 249. Let q be (-4)/(3*(-4)/(-138)). Let k = q + d. Is k a prime number?
True
Suppose -8 + 54 = 2*w - 5*d, 3*w - 31 = -2*d. Suppose w = j - 84. Let z = j + 60. Is z a prime number?
True
Let i(p) = -316*p - 337. Is i(-8) a prime number?
False
Let t = -658 - -1017. Is t composite?
False
Suppose 5*k - 7785 = -5*a, 5*a + 3947 = 2*k + 819. Is k a composite number?
False
Let r(y) = 49*y**3 + 11*y**2 - 8*y - 47. Is r(9) composite?
False
Suppose -a - 3*a - 24 = 0. Let s(q) = 5*q**2 + 3*q - 5. Is s(a) a prime number?
True
Is ((-14)/(-3))/(5 + (-8589)/1719) prime?
False
Let c(g) = 47*g**2 - 1. Let p(b) = b**3 - 8*b**2 + 8*b - 9. Let l = -17 + 24. Let x be p(l). Is c(x) composite?
True
Let l = 2540 - -1427. Is l composite?
False
Let i = 29723 + -19992. Is i a composite number?
True
Suppose 5*h - 6011 = -901. Suppose -3*c + 481 + h = 0. Is c a composite number?
True
Let v(c) = -6*c + 37. Let w be v(5). Suppose -12045 - 7394 = -w*y. Is y a composite number?
False
Let l be 38/9 - (-2)/(-9). Let f(k) = 6*k + 2 + 5*k - l*k - 5*k**2 + k**3. Is f(5) a prime number?
True
Let d(c) = -7*c + 2. Let t be d(-2). Let z = t - -2. Is 2/(z/39)*15 a prime number?
False
Suppose 12*z - 324343 = -70675. Is z a prime number?
True
Let i(d) = -837*d + 15. Is i(-8) a prime number?
False
Let o = 37 - 35. Is ((-4197)/6*1)/((-1)/o) a prime number?
True
Suppose -40 = 3*s - 8*s. Suppose 4*i = -4*y + s, 0*i - 7 = -i + 4*y. Suppose -i*n = 170 - 644. Is n composite?
True
Suppose 0 = 5*a + 4*x + 651 + 345, -796 = 4*a + 3*x. Let p = 310 + a. Suppose -3*d = -p - 333. Is d prime?
True
Let z(u) = 298*u - 5. Let i be z(3). Suppose q - 2*q + i = 0. Is q a prime number?
False
Let g(k) = 6*k**2 - 8*k - 9. Let a = 109 + -74. Suppose -4*y - y - a = 0. Is g(y) a composite number?
True
Let d be (2 + -2)*2/(-2). Suppose 3*b - 169 - 677 = d. Suppose -b - 220 = -2*c. Is c a prime number?
True
Suppose -2*o + 1014 = 4*b, 5*b - 3*o = -54 + 1327. Suppose 5*a - b = 2661. Is a composite?
True
Let h(f) = -5183*f + 9. Let x be h(5). Let i be x/(-14) - 15/35. Suppose 0 = 5*o + 195 - i. Is o composite?
False
Let k be -3*(-1 - 0/4). Suppose -k*g = g - 148. Is g a prime number?
True
Let m(g) = 757*g**2 - 7. Let r be m(-4). Suppose r = 2*w + 7*w. Is w prime?
False
Suppose -5*o = -g - 2789, -3*g = 2*o - g - 1106. Suppose 2*s + o = 3*s. Let v = s - -74. Is v prime?
True
Suppose -22*v + 391120 = -6*v. Is v prime?
False
Suppose -4*p + 2228 = 3*z - 0*z, 3*z = -2*p + 1120. Suppose 731 + p = 5*n. Is n a prime number?
True
Let l be -4*-1*221/4. Let v = -126 + l. Is v a prime number?
False
Let j be 1/(-4) + (-202)/(-8). Let b be j/3 + (-18)/(-27). Let r = b - -40. Is r prime?
False
Let y(j) = 0*j**2 - 8 - j**2 - 2*j + 3*j - j**2. Let k be y(0). Is k/(-36) - (-6818)/18 a prime number?
True
Is (22 - 11)/(-33)*-311601 a composite number?
False
Suppose 0 = -0*j + 5*j - 20. Suppose -j*v + 546 = -2050. Is v a prime number?
False
Is (-24)/(-64) + 217684/32 prime?
True
Let v(x) = -6 + 4*x - 5*x - 6*x. Let a be v(10). Let b = 1061 + a. Is b a prime number?
False
Suppose -16*y + 4943 = n - 21*y, n + 4*y = 4979. Is n a prime number?
False
Suppose -11*q + 602 = -1499. Is q prime?
True
Suppose -3*w = -6*p + 8*p - 31231, -5*w = -3*p - 52039. Is w a prime number?
False
Let a = -3135 + 4397. Suppose -2*n - n + 320 = g, 3*n = -4*g + a. Is g prime?
False
Let f(v) = -54*v + 5. Let i be f(-5). Let a be 2/(-8)*-4 + 397. Let h = a - i. Is h a composite number?
True
Suppose 48*y = 42*y + 29922. Is y a composite number?
False
Is 2/4 + (-57050)/(-100) prime?
True
Suppose -10*u = -9*u - 4. Suppose -2*m = u*m - 4302. Is m composite?
True
Let u be 6/(-33) + (-256)/44. Let f(p) = -p**3 - 9*p**2 - 6*p + 10. Let c be f(u). Let s = c + 355. Is s prime?
True
Suppose 5*z + 4*l - 19 = 0, -l + 4 = -3*z + 4*z. Suppose 5*r + z*r - 1128 = 0. Is r composite?
True
Let v be ((-1)/(-1)*1)/((-5)/(-690)). Let k = v + 923. Is k prime?
True
Let o = 1 - -6. Suppose -t - 4 + o = 0. Is (14 - t)/(1/1) a composite number?
False
Let d(b) = b**3 + 8*b**2 + b - 1. Let h be d(-8). Let x be h/(-6)*(-32)/(-12). Suppose 355 = c - 5*q, -x*q = 4*c - 830 - 494. Is c a composite number?
True
Let j = -315 + 1070. Suppose 0 = a - 2*t - 255, -a + 4*a - t = j. Is a prime?
True
Is (-1 + 125828/(-16))/(45/(-60)) composite?
False
Let g = 6374 - 3841. Is g a composite number?
True
Suppose 4*s - 87440 = -3*u, -41*u = 2*s - 38*u - 43714. Is s composite?
False
Suppose 0*l + 5 = l. Suppose -3*z = -2*u + 6*u - 24, u = l*z - 17. Suppose 4*w - 485 = u*w. Is w composite?
True
Suppose -356 = -2*c + 114. Suppose -16199 = -12*g + 3145. Let y = c + g. Is y composite?
False
Suppose -15 = 5*f, 5*i + 7 = 5*f - 9*f. Is -4 - (-331 - -5) - i prime?
False
Let p = 526 - 216. Let c = p + 28. Let n = c - 123. Is n a prime number?
False
Let p(x) = -3 + 10*x**2 + 0*x - 9*x**2 + 2*x. Is p(4) prime?
False
Let a = -2 + 6. Let m = a + -10. Is -2 - (-81 - m/(-2)) prime?
False
Suppose 3292 = 9*y - 1577. Is y a prime number?
True
Suppose -7 = -2*f + 1. Suppose f*a - 5*a + 953 = 0. Is a composite?
False
Suppose -c - 14 = -a, -3*c = 2*a - c - 12. Let k(n) = -n**2 + 9*n + 13. Let d be k(a). Is 92 - (d + 0 - 2) a prime number?
False
Let g(w) = w**3 + 6*w**2 + 6*w + 5. Let v be g(-5). Let l(a) = a**3 + a + 90. Let c be l(v). Suppose 0 = 2*h - 224 - c. Is h a composite number?
False
Suppose -2*r = -6*r + 1464. Let b = r + -189. Is b composite?
True
Suppose 2*r + 0 = 2, -5*o - 5*r - 1345 = 0. Let b = -103 - o. Let g = 264 - b. Is g prime?
True
Let s = -26 - -28. Suppose -2*k - 3*d = -713, -5*k + 3*d = -s*d - 1770. Is k a prime number?
False
Suppose -b + 44618 = 5*s, 5*s + 36*b - 39*b = 44606. Is s composite?
False
Is (44/24 - 9/6)*7827 prime?
True
Let h(i) = 0*i + i + 0*i + i + 67. Is h(0) composite?
False
Suppose -5*p = t + 13, 4*p - 5*t = 7 - 0. Let s(g) = -6*g - 5. Let k be s(p). Suppose 2*m = k*m - 2095. Is m composite?
False
Suppose -l + 383 = 5*a, -3*a + 158 = -a - 2*l. Is a a prime number?
False
Suppose 5*d + 50 = a + 2*a, -5*d = a + 30. Let x be (-4)/(-2) + d + -3. Is (x/24)/(2/(-186)) prime?
True
Let b(j) = -2*j**3 - 14*j**2 + 59*j + 16. Is b(-13) a composite number?
False
Suppose 0*i + i + 3*l = 56, l = 2*i - 147. Let y be (12/15 - (-1 + 3))*-5. Let c 